What are the prime factors of (4348 - -4) + 12 - 4?
2, 5, 109
Let v(i) = 3532*i**2 + 7*i + 5. Let p be v(-1). Suppose 3*b + 9*l - 10*l = 2660, -4*b - 2*l = -p. List the prime factors of b.
3, 5, 59
Suppose -6*m - 20 = 10. Let g(x) = 43*x**2 - 12*x + 9. Let l be g(m). What are the prime factors of (-144)/(-56) + -3 + l/7?
163
Let n = -4118 + 7287. What are the prime factors of n?
3169
Suppose -6*g - 8 = -7*g. Suppose 0 = -g*k - 5 + 37. Let x(o) = 2*o**3 - o**2 - 7*o - 7. List the prime factors of x(k).
7, 11
Let t(u) = -5456*u - 11800. List the prime factors of t(-11).
2, 3, 7, 41
Let h be -4 + 7 - 15*(-60)/9. Suppose 3*i - h = -c + 119, -468 = -2*c + 2*i. What are the prime factors of c?
3, 7, 11
Let m be (-2)/5 - 62478/(-45). Let d be 2/3 - m/(-12)*-1. Let k = -80 - d. List the prime factors of k.
5, 7
Suppose 3*c = t - 2*t + 42, 5*t = c - 14. Suppose -3*g + 4*n = -22, -2*g + 5*n - 3*n = -c. Suppose 0 = 10*q - g*q - 388. What are the prime factors of q?
97
Suppose -2*j = 3*i - 91334 + 3359, -58696 = -2*i - 9*j. What are the prime factors of i?
109, 269
Suppose 4*o - 16 = 0, 153604 = -768*n + 772*n + 3*o. What are the prime factors of n?
2, 73, 263
Let r be (6/4 + -2)*736/(-16). Let s = r - -367. What are the prime factors of s?
2, 3, 5, 13
Suppose -2 = 3*q - 11. Suppose -44 = q*l + 4*j - 12, 0 = -4*l - 4*j - 48. List the prime factors of ((-404)/l)/((-2)/(-8)).
101
Suppose -4*f = -0*f + 40. Let a be 4/f + 52/5. What are the prime factors of (-6)/4 - (-255)/a?
2, 3
Let s = 174777 + -122265. What are the prime factors of s?
2, 3, 547
Let r(v) = -2*v**3 + 8*v**2 + 12*v - 2. Let k be r(5). Suppose k*x = 2211 - 339. What are the prime factors of x?
2, 3, 13
Let b = 2653 - 1071. Let h = b - 804. List the prime factors of h.
2, 389
Let r(m) = -92*m + 29. Let j be r(11). Let n = 1488 + j. Suppose 0 = -5*k + n - 70. List the prime factors of k.
3, 29
Let s(d) = -40*d + 2950. What are the prime factors of s(52)?
2, 3, 5, 29
Let c = -52721 - -86607. List the prime factors of c.
2, 16943
Let u = 42 - 17. Suppose 0*d + 34*d = -39*d. Suppose -5*z = -d*z + 3*o - 270, 5*o = u. List the prime factors of z.
3, 17
Let j(y) = 4*y**2 - 7*y. Let i(w) = 7*w**2 - 5*w + 7. Let q be i(2). Suppose -2*b - q = -33. What are the prime factors of j(b)?
2, 3
Let k(d) = 82*d**2 + 316*d + 3944. What are the prime factors of k(-12)?
2, 5, 13, 23
Suppose -5*q + p - 5*p + 9583 = 0, 2*p - 5751 = -3*q. Let h = q - 873. What are the prime factors of h?
2, 523
Let s = 12914 + -5372. What are the prime factors of s?
2, 3, 419
Let y(m) = -9*m**3 - 385*m**2 + 90*m - 65. List the prime factors of y(-44).
3, 19, 101
Let j be (0/(-5))/(-6 - -8). Suppose -2*v = -3*v. Suppose j = 4*s + 2*c - 26, v = -5*c + 5 - 0. List the prime factors of s.
2, 3
Let n = -84454 - -120816. List the prime factors of n.
2, 18181
Suppose 71*i + 88*i = 1811328. List the prime factors of i.
2, 89
Let a be (8/6)/((-22)/(-132)). Suppose -a*w - w = -486. What are the prime factors of w?
2, 3
Suppose 5*q + 1 = 16. Suppose 4*j - 32 = -4*f, f - 15 = -q*j + 3. Let c(s) = 12*s**2 - 6*s + 8. What are the prime factors of c(j)?
2, 139
Suppose 14 = 6*t - 58. Suppose -3471 = -t*f - f. List the prime factors of f.
3, 89
Let i be (-57)/5 + 30/75. Let u(r) = r**2 + 11*r - 13. Let d be u(i). Let t = d - -106. What are the prime factors of t?
3, 31
What are the prime factors of (779490/(-24) + -12)/(((-27)/12)/3)?
43321
Let s = 335 + -679. Let a be -224 - (1 + 2) - 3. Let g = a - s. What are the prime factors of g?
2, 3, 19
Let r(i) = 2*i**2 + 5*i - 18. Suppose -2*w - 4*h - 22 = -0*h, -2*w + 2 = -2*h. Let k be (-8)/2*(w - -5). What are the prime factors of r(k)?
2, 5, 7
Suppose 177*g - 60*g - 40248 = 0. Suppose 3*z - z - 6 = 0. Suppose -110 = z*x - g. List the prime factors of x.
2, 3, 13
Let x = 15 - 19. Let o be (x/10)/(6/(-75)). Suppose o*g - 131 = 309. List the prime factors of g.
2, 11
Suppose -5*x - 5*v = -35, 13*x - 18*x + 2*v + 63 = 0. Suppose 2*l = -x*l + 10166. What are the prime factors of l?
2, 17, 23
Suppose -3*b = h - 18, -2*b = b + 4*h - 18. Let p(q) = q**3 - q**2 - 3*q - 9. Let z be p(b). Suppose z = 3*u - 12. What are the prime factors of u?
5, 11
Let c = 200 - -67. Suppose 3*j = -4*l + 998, j = -3*l + c + 484. Suppose -6*o + l = -199. What are the prime factors of o?
3, 5
Let m be (-1)/8*-4*10. Let b be (-2 + 41/2)*2. Suppose 0 = m*f - b + 2. List the prime factors of f.
7
Let i(h) = -90*h + 3. Let d be i(-7). Let f be d/9 - (-1)/(-3). Let b = -10 + f. List the prime factors of b.
2, 3, 5
Let o(m) = m**3 + 3*m**2 + 2*m + 1. Let q be o(-2). Let u(f) = 2 + 0 + q + 4*f + 253*f**2 - 24*f**2. What are the prime factors of u(-1)?
2, 3, 19
List the prime factors of (-4)/((-8)/505) - 57/(-114).
11, 23
Let q be (-1 - (-226)/(-10)) + (-10)/25. Let o be 963/q*2*-4. Suppose 2*y + 2*h - o + 73 = 0, 0 = 5*y - h - 614. What are the prime factors of y?
3, 41
Let i(p) be the second derivative of 52*p**3/3 - 133*p**2/2 - 4*p. What are the prime factors of i(9)?
11, 73
Let g be (18/(-4))/(1/(-86)*1). Suppose 3*y + 51 = g. What are the prime factors of y?
2, 7
Suppose 7*c - 2*c + 624 = q, 636 = -5*c + 4*q. Let f = 522 + c. List the prime factors of f.
2, 199
Let s = 3409 + -3105. What are the prime factors of s?
2, 19
Let o(d) = -14*d**2 - 24*d + 30. Let s be o(5). Let q = s + 670. What are the prime factors of q?
2, 5, 23
Let x(j) = 2*j + 7. Let m be x(-6). Let t(w) = -10974*w**3 - 6*w - 6*w**2 - 4 - 1 + 10973*w**3 + 2. List the prime factors of t(m).
2
Let n(b) = b**3 + 36*b**2 + 132*b - 4. List the prime factors of n(-26).
2, 3, 277
Suppose -390007 + 647815 = 156*o - 778812. List the prime factors of o.
3, 5, 443
List the prime factors of (-30 - (-1820)/60)/(3/116469).
12941
Let k(x) = -x**3 - 19*x**2 - 17*x + 10. Let u be k(-18). Let r be u/10*5/(-2). Suppose 5*n - 4*l = 7 + 19, r*l = 5*n - 18. What are the prime factors of n?
2
Let y be (11 - (1 - -4))*112/6. Let a = 1427 + y. What are the prime factors of a?
3, 19
Let g(p) = 12713*p - 7538. List the prime factors of g(5).
179, 313
Suppose -f - 9*f = -2480. Suppose j + 4*s - f = 0, j - 5*s - 470 = -j. List the prime factors of j.
2, 3, 5
Let u = 737 - 312. Suppose 2*k - 4*h - 39 + 231 = 0, 0 = 5*k + h + u. What are the prime factors of 61 - (k/30 + 14/(-105))?
2
Let m(h) = 9*h - 47. Let p be m(7). Let n(q) = p - 3*q - 29 + 201*q**3 + 16. List the prime factors of n(1).
3, 67
Let b = -420 - -420. Let f be 19 + 1 + (-6)/(-3). Suppose -3*g + f + 8 = b. What are the prime factors of g?
2, 5
Let i(c) = c**2 - 14*c - 10. Suppose -11*t + 53 + 112 = 0. Let q be i(t). Let y = q - -29. List the prime factors of y.
2, 17
Let f(k) = 3*k**3 + 12*k**2 - 11*k - 2. Suppose 4*t + 11 + 13 = 0. Let p be f(t). Let r = 268 + p. What are the prime factors of r?
2, 29
Let u be 2/5*(-3 + 13). List the prime factors of -2*(u - 18/4) + 303.
2, 19
What are the prime factors of -6 + (4 - -5) + 10431?
2, 3, 37, 47
Suppose 4*g + 8 = 0, 5*m + 4 = -3*g - 2. Let j = 6319 - 6317. Suppose m = -5*q - 0*s + s + 1143, j*s = -6. List the prime factors of q.
2, 3, 19
Let h be (-12518)/(-132) - (-1)/6. Let o = h + 269. What are the prime factors of o?
2, 7, 13
Suppose 4*v - f - 7244 = -1106, 0 = -2*f + 4. Suppose 3*b + 359 = v. What are the prime factors of b?
2, 7
Let l(p) = p**2 - 8*p + 15. Let d be l(5). Suppose -5*r - 25 = d, g - 94 - 29 = 5*r. What are the prime factors of g?
2, 7
Suppose -3*x - 4*s = -679, 2*s + 1139 = 5*x + 5*s. Suppose 1434 = x*k - 226*k. What are the prime factors of k?
2, 239
Suppose -95 = -15*i + 25. What are the prime factors of 473 + i*(-1)/(-4)?
5, 19
Let a(h) = 3*h**2 + 7*h - 4. Suppose -4*x = 5*m - 14, 3*m + 2*m = x + 34. Let t(u) = -u**3 + 8*u**2 - 12*u - 4. Let q be t(m). List the prime factors of a(q).
2
Let y = -165 + 165. Suppose y = 7*l - 2050 - 2199. List the prime factors of l.
607
Suppose -230*q + 243*q - 24044 + 345 = 0. What are the prime factors of q?
1823
Let c be 0 - ((-4 - 3) + 4 - 2). Suppose c*f = 3*f + 18. What are the prime factors of (f/(-2) - -4)*0 - -172?
2, 43
Suppose -2*r - 28148 = -2*d + 68210, -3*d + 5*r + 144531 = 0. List the prime factors of d.
2, 24091
Let a be 4/(-3 + (-26)/(-6)). Suppose a*p = p + 36. List the prime factors of (14 - -2)*45/p.
2, 5
W